{"id":2610,"date":"2015-02-02T04:29:48","date_gmt":"2015-02-02T04:29:48","guid":{"rendered":"http:\/\/rttheme19.rtthemes.com\/?page_id=4"},"modified":"2020-11-25T19:22:12","modified_gmt":"2020-11-25T22:22:12","slug":"home-page","status":"publish","type":"page","link":"https:\/\/cemenf.ufes.br\/","title":{"rendered":"Home Page"},"content":{"rendered":"<p>[vc_row rt_row_background_width=&#8221;fullwidth&#8221; rt_row_content_width=&#8221;fullwidth&#8221; rt_row_style=&#8221;default-style&#8221; rt_row_borders=&#8221;&#8221; rt_row_paddings=&#8221;false&#8221; rt_bg_effect=&#8221;classic&#8221; rt_bg_image_repeat=&#8221;repeat&#8221; rt_bg_size=&#8221;cover&#8221; rt_bg_position=&#8221;right top&#8221; rt_bg_attachment=&#8221;scroll&#8221; rt_bg_video_format=&#8221;self-hosted&#8221;][vc_column rt_wrp_col_paddings=&#8221;false&#8221; rt_border_top=&#8221;&#8221; rt_border_bottom=&#8221;&#8221; rt_border_left=&#8221;&#8221; rt_border_right=&#8221;&#8221; rt_border_top_mobile=&#8221;&#8221; rt_border_bottom_mobile=&#8221;&#8221; rt_border_left_mobile=&#8221;&#8221; rt_border_right_mobile=&#8221;&#8221; rt_bg_image_repeat=&#8221;repeat&#8221; rt_bg_size=&#8221;auto auto&#8221; rt_bg_position=&#8221;right top&#8221; rt_bg_attachment=&#8221;scroll&#8221;][rev_slider_vc alias=&#8221;rt19-v2&#8243;][\/vc_column][\/vc_row][vc_row rt_row_background_width=&#8221;fullwidth&#8221; rt_row_content_width=&#8221;default&#8221; rt_row_style=&#8221;default-style&#8221; rt_row_borders=&#8221;&#8221; rt_grid=&#8221;true&#8221; rt_col_anim=&#8221;true&#8221; rt_row_paddings=&#8221;true&#8221; rt_bg_effect=&#8221;classic&#8221; rt_bg_image_repeat=&#8221;repeat&#8221; rt_bg_size=&#8221;auto auto&#8221; rt_bg_position=&#8221;right top&#8221; rt_bg_attachment=&#8221;scroll&#8221; rt_bg_video_format=&#8221;self-hosted&#8221; rt_row_width=&#8221;default&#8221; rt_padding_top=&#8221;80&#8243; rt_padding_bottom=&#8221;80&#8243;][vc_column width=&#8221;1\/2&#8243; rt_wrp_col_paddings=&#8221;false&#8221; rt_border_top=&#8221;&#8221; rt_border_bottom=&#8221;&#8221; rt_border_left=&#8221;&#8221; rt_border_right=&#8221;&#8221; rt_border_top_mobile=&#8221;&#8221; rt_border_bottom_mobile=&#8221;&#8221; rt_border_left_mobile=&#8221;&#8221; rt_border_right_mobile=&#8221;&#8221; rt_bg_image_repeat=&#8221;repeat&#8221; rt_bg_size=&#8221;auto auto&#8221; rt_bg_position=&#8221;right top&#8221; rt_bg_attachment=&#8221;scroll&#8221;]<div class=\"rt_heading_wrapper style-6\">\n\t\t\t\t\t\t<h4 class=\"rt_heading  style-6\" ><span class=\"icon-glyph-15 heading_icon\"><\/span>CEMEnf-UFES <\/h4>\n\t\t\t\t\t<\/div>[vc_column_text]Endere\u00e7o:<\/p>\n<p>Departamento de Enfermagem da Universidade Federal do Esp\u00edrito Santo<\/p>\n<p>Av. Marechal Campos, n\u00ba 1468, Maru\u00edpe, Vit\u00f3ria-ES, CEP 29.043-900, Vit\u00f3ria &#8211; ES, Brasil<\/p>\n<p>Contatos:<\/p>\n<p>E-mail: <a href=\"mailto:cemenf.ufes@gmail.com\">cemenf.ufes@gmail.com<\/a>[\/vc_column_text][\/vc_column][vc_column width=&#8221;1\/2&#8243; rt_wrp_col_paddings=&#8221;false&#8221; rt_border_top=&#8221;&#8221; rt_border_bottom=&#8221;&#8221; rt_border_left=&#8221;&#8221; rt_border_right=&#8221;&#8221; rt_border_top_mobile=&#8221;&#8221; rt_border_bottom_mobile=&#8221;&#8221; rt_border_left_mobile=&#8221;&#8221; rt_border_right_mobile=&#8221;&#8221; rt_bg_image_repeat=&#8221;repeat&#8221; rt_bg_size=&#8221;auto auto&#8221; rt_bg_position=&#8221;right top&#8221; rt_bg_attachment=&#8221;scroll&#8221;]<div class=\"rt_heading_wrapper style-6\">\n\t\t\t\t\t\t<h4 class=\"rt_heading  style-6\" ><span class=\"icon-glyph-2 heading_icon\"><\/span>Not\u00edcias<\/h4>\n\t\t\t\t\t<\/div><section class=\"latest_news clearfix style-1\"><article>\n\n\t\t\t\t\t<div class=\"date\">\n\t\t\t\t\t\t<span class=\"day\">24<\/span>\n\t\t\t\t\t\t<span class=\"year\">Nov 20<\/span>\n\t\t\t\t\t<\/div>\n\t\t\t\t\t\n\n\t\t\t\t\t<div class=\"text\">\n\t\t\t\t\t\t<h5 class=\"clean_heading\"><a class=\"title\" href=\"https:\/\/cemenf.ufes.br\/index.php\/2020\/11\/24\/ola-mundo\/\" title=\"Site do CEMEnf-UFES no ar!\" rel=\"bookmark\">Site do CEMEnf-UFES no ar!<\/a><\/h5>\n\t\t\t\t\t\t<p>XXXXXXX...<\/p>\n\t\t\t\t\t<\/div>\n\t\t\t\t\t\n<\/article>\n<\/section>[\/vc_column][\/vc_row][vc_row rt_row_background_width=&#8221;fullwidth&#8221; rt_row_content_width=&#8221;default&#8221; rt_row_style=&#8221;alt-style-1&#8243; rt_row_borders=&#8221;&#8221; rt_col_anim=&#8221;true&#8221; rt_row_paddings=&#8221;true&#8221; rt_bg_effect=&#8221;custom_height&#8221; rt_bg_custom_alignment=&#8221;bottom&#8221; rt_bg_image_repeat=&#8221;repeat&#8221; rt_bg_size=&#8221;cover&#8221; rt_bg_position=&#8221;left center&#8221; rt_bg_video_format=&#8221;self-hosted&#8221; rt_bg_color=&#8221;#f7f7f7&#8243; rt_padding_top=&#8221;140&#8243; rt_padding_bottom=&#8221;100&#8243; rt_bg_custom_height=&#8221;40%&#8221;][vc_column rt_wrp_col_paddings=&#8221;false&#8221; rt_border_top=&#8221;&#8221; rt_border_bottom=&#8221;&#8221; rt_border_left=&#8221;&#8221; rt_border_right=&#8221;&#8221; rt_border_top_mobile=&#8221;&#8221; rt_border_bottom_mobile=&#8221;&#8221; rt_border_left_mobile=&#8221;&#8221; rt_border_right_mobile=&#8221;&#8221; rt_bg_image_repeat=&#8221;repeat&#8221; rt_bg_size=&#8221;auto auto&#8221; rt_bg_position=&#8221;right top&#8221; rt_bg_attachment=&#8221;scroll&#8221; rt_padding_left=&#8221;0&#8243; rt_padding_right=&#8221;0&#8243;]<div class=\"rt_heading_wrapper style-7\">\n\t\t\t\t\t\t<h4 class=\"rt_heading  aligncenter style-7\"  style=\"margin-top:25px;margin-bottom:0px;\">Exposi\u00e7\u00f5es<\/h4>\n\t\t\t\t\t<\/div>[vc_separator style=&#8221;style-6&#8243; border_width=&#8221;2&#8243; margin_top=&#8221;0&#8243; margin_bottom=&#8221;30&#8243; color=&#8221;#16b9a7&#8243; width=&#8221;10%&#8221;]\r\n\t\t\t\t<div id=\"slider-portfolio-dynamicID-925786\" class=\"rt-carousel rt-image-carousel carousel-holder clearfix portfolio-carousel\" data-item-width=\"4\" data-nav=\"true\" data-dots=\"false\" data-margin=\"0\" data-autoplay=\"false\" data-timeout=\"5000\" data-loop=\"false\" data-tablet-item-width=\"2\" data-mobile-item-width=\"1\">\r\n\t\t\t\t\t<div class=\"owl-carousel\">\r\n\t\t\t\t\t\t<div><div class=\"item portfolio  video website\">\n \n\n<!-- portfolio box-->\n<div class=\"loop style-2 image post-2787 portfolio type-portfolio status-publish has-post-thumbnail hentry portfolio_categories-video portfolio_categories-website\" id=\"portfolio-2787\">\n\n\t\n\n\t\t\t\t<figure class=\"featured_image\">\n\t\t\t\t\t<img src=\"https:\/\/cemenf.ufes.br\/wp-content\/uploads\/2016\/09\/2.png\" alt=\"\" class=\"\" \/>\t\t\t\t\n\t\t\t\t<\/figure>\n\n\t\t\t\t<div class=\"overlay\">\n\n\t\t\t\t\t<section class=\"text\">\n\t\t\t\t\t\t<h5 class=\"clean_heading\"><a href=\"https:\/\/cemenf.ufes.br\/index.php\/project-details\/portfolio-item-with-custom-layout-4\/\" target=\"_self\" rel=\"bookmark\">Inserir texto<\/a><\/h5>\n\t\t\t\t\t\t<p>XXXXXXXXXX<\/p>\n\t\t\t\t\t\t<ul class=\"action_buttons\"><li><a id=\"lightbox-471674\" class=\"zoom lightbox_\" data-group=\"image_3007\" title=\"Enlarge Image\" data-title=\"Inserir texto\" data-sub-html=\"#lightbox-471674-description\" data-thumbnail=\"https:\/\/cemenf.ufes.br\/wp-content\/uploads\/2016\/09\/2-75x50.png\" data-thumbTooltip=\"\" data-scaleUp=\"\" data-href=\"\" data-width=\"\" data-height=\"\" data-flashHasPriority=\"\" data-poster=\"\" data-autoplay=\"\" data-audiotitle=\"\" data-html=\"\" href=\"https:\/\/cemenf.ufes.br\/wp-content\/uploads\/2016\/09\/2.png\" ><\/a>\r\n\t\t\t<div class=\"lighbox-description hidden\" id=\"lightbox-471674-description\">\r\n\t\t\t\t<strong>Inserir texto<\/strong><br>\r\n\t\t\t\t\r\n\t\t\t<\/div><\/li><li><a class=\"link\" href=\"https:\/\/cemenf.ufes.br\/index.php\/project-details\/portfolio-item-with-custom-layout-4\/\" title=\"Inserir texto\" target=\"_self\"><\/a><\/li><\/ul>\n\t\t\t\t\t<\/section> \t\n\n\t\t\t\t<\/div>\n\n\t\t\t\n<\/div> \n<!-- \/ portfolio box-->\n<\/div>\n<\/div><div><div class=\"item portfolio  branding logo video\">\n \n\n<!-- portfolio box-->\n<div class=\"loop style-2 image post-2403 portfolio type-portfolio status-publish has-post-thumbnail hentry portfolio_categories-branding portfolio_categories-logo portfolio_categories-video\" id=\"portfolio-2403\">\n\n\t\n\n\t\t\t\t<figure class=\"featured_image\">\n\t\t\t\t\t<img src=\"https:\/\/cemenf.ufes.br\/wp-content\/uploads\/2015\/02\/hotel001.jpg\" alt=\"\" class=\"\" \/>\t\t\t\t\n\t\t\t\t<\/figure>\n\n\t\t\t\t<div class=\"overlay\">\n\n\t\t\t\t\t<section class=\"text\">\n\t\t\t\t\t\t<h5 class=\"clean_heading\"><a href=\"https:\/\/cemenf.ufes.br\/index.php\/project-details\/portfolio-item-with-custom-layout\/\" target=\"_self\" rel=\"bookmark\">Imagens da Vida<\/a><\/h5>\n\t\t\t\t\t\t<p>xxxxxx<\/p>\n\t\t\t\t\t\t<ul class=\"action_buttons\"><li><a id=\"lightbox-400266\" class=\"zoom lightbox_\" data-group=\"image_2997\" title=\"Enlarge Image\" data-title=\"Imagens da Vida\" data-sub-html=\"#lightbox-400266-description\" data-thumbnail=\"https:\/\/cemenf.ufes.br\/wp-content\/uploads\/2015\/02\/hotel001-75x50.jpg\" data-thumbTooltip=\"\" data-scaleUp=\"\" data-href=\"\" data-width=\"\" data-height=\"\" data-flashHasPriority=\"\" data-poster=\"\" data-autoplay=\"\" data-audiotitle=\"\" data-html=\"\" href=\"https:\/\/cemenf.ufes.br\/wp-content\/uploads\/2015\/02\/hotel001.jpg\" ><\/a>\r\n\t\t\t<div class=\"lighbox-description hidden\" id=\"lightbox-400266-description\">\r\n\t\t\t\t<strong>Imagens da Vida<\/strong><br>\r\n\t\t\t\t\r\n\t\t\t<\/div><\/li><li><a class=\"link\" href=\"https:\/\/cemenf.ufes.br\/index.php\/project-details\/portfolio-item-with-custom-layout\/\" title=\"Imagens da Vida\" target=\"_self\"><\/a><\/li><\/ul>\n\t\t\t\t\t<\/section> \t\n\n\t\t\t\t<\/div>\n\n\t\t\t\n<\/div> \n<!-- \/ portfolio box-->\n<\/div>\n<\/div><div><div class=\"item portfolio  branding\">\n \n\n<!-- portfolio box-->\n<div class=\"loop style-2 image post-2401 portfolio type-portfolio status-publish has-post-thumbnail hentry portfolio_categories-branding\" id=\"portfolio-2401\">\n\n\t\n\n\t\t\t\t<figure class=\"featured_image\">\n\t\t\t\t\t<img src=\"https:\/\/cemenf.ufes.br\/wp-content\/uploads\/2015\/02\/gestao-de-enfermagem-640x427.jpg\" alt=\"\" class=\"\" \/>\t\t\t\t\n\t\t\t\t<\/figure>\n\n\t\t\t\t<div class=\"overlay\">\n\n\t\t\t\t\t<section class=\"text\">\n\t\t\t\t\t\t<h5 class=\"clean_heading\"><a href=\"https:\/\/cemenf.ufes.br\/index.php\/project-details\/portfolio-item-with-slideshow-2\/\" target=\"_self\" rel=\"bookmark\">Inserir texto<\/a><\/h5>\n\t\t\t\t\t\t<p>XXXXX<\/p>\n\t\t\t\t\t\t<ul class=\"action_buttons\"><li><a id=\"lightbox-649599\" class=\"zoom lightbox_\" data-group=\"image_2998\" title=\"Enlarge Image\" data-title=\"Inserir texto\" data-sub-html=\"#lightbox-649599-description\" data-thumbnail=\"https:\/\/cemenf.ufes.br\/wp-content\/uploads\/2015\/02\/gestao-de-enfermagem-75x50.jpg\" data-thumbTooltip=\"\" data-scaleUp=\"\" data-href=\"\" data-width=\"\" data-height=\"\" data-flashHasPriority=\"\" data-poster=\"\" data-autoplay=\"\" data-audiotitle=\"\" data-html=\"\" href=\"https:\/\/cemenf.ufes.br\/wp-content\/uploads\/2015\/02\/gestao-de-enfermagem.jpg\" ><\/a>\r\n\t\t\t<div class=\"lighbox-description hidden\" id=\"lightbox-649599-description\">\r\n\t\t\t\t<strong>Inserir texto<\/strong><br>\r\n\t\t\t\t\r\n\t\t\t<\/div><\/li><li><a class=\"link\" href=\"https:\/\/cemenf.ufes.br\/index.php\/project-details\/portfolio-item-with-slideshow-2\/\" title=\"Inserir texto\" target=\"_self\"><\/a><\/li><\/ul>\n\t\t\t\t\t<\/section> \t\n\n\t\t\t\t<\/div>\n\n\t\t\t\n<\/div> \n<!-- \/ portfolio box-->\n<\/div>\n<\/div><div><div class=\"item portfolio  logo\">\n \n\n<!-- portfolio box-->\n<div class=\"loop style-2 image post-2397 portfolio type-portfolio status-publish has-post-thumbnail hentry portfolio_categories-logo\" id=\"portfolio-2397\">\n\n\t\n\n\t\t\t\t<figure class=\"featured_image\">\n\t\t\t\t\t<img src=\"https:\/\/cemenf.ufes.br\/wp-content\/uploads\/2016\/09\/a.png\" alt=\"\" class=\"\" \/>\t\t\t\t\n\t\t\t\t<\/figure>\n\n\t\t\t\t<div class=\"overlay\">\n\n\t\t\t\t\t<section class=\"text\">\n\t\t\t\t\t\t<h5 class=\"clean_heading\"><a href=\"https:\/\/cemenf.ufes.br\/index.php\/project-details\/portfolio-with-photo-gallery\/\" target=\"_self\" rel=\"bookmark\">Inserir texto<\/a><\/h5>\n\t\t\t\t\t\t<p>XXXXX<\/p>\n\t\t\t\t\t\t<ul class=\"action_buttons\"><li><a id=\"lightbox-204384\" class=\"zoom lightbox_\" data-group=\"image_3008\" title=\"Enlarge Image\" data-title=\"Inserir texto\" data-sub-html=\"#lightbox-204384-description\" data-thumbnail=\"https:\/\/cemenf.ufes.br\/wp-content\/uploads\/2016\/09\/a-75x50.png\" data-thumbTooltip=\"\" data-scaleUp=\"\" data-href=\"\" data-width=\"\" data-height=\"\" data-flashHasPriority=\"\" data-poster=\"\" data-autoplay=\"\" data-audiotitle=\"\" data-html=\"\" href=\"https:\/\/cemenf.ufes.br\/wp-content\/uploads\/2016\/09\/a.png\" ><\/a>\r\n\t\t\t<div class=\"lighbox-description hidden\" id=\"lightbox-204384-description\">\r\n\t\t\t\t<strong>Inserir texto<\/strong><br>\r\n\t\t\t\t\r\n\t\t\t<\/div><\/li><li><a class=\"link\" href=\"https:\/\/cemenf.ufes.br\/index.php\/project-details\/portfolio-with-photo-gallery\/\" title=\"Inserir texto\" target=\"_self\"><\/a><\/li><\/ul>\n\t\t\t\t\t<\/section> \t\n\n\t\t\t\t<\/div>\n\n\t\t\t\n<\/div> \n<!-- \/ portfolio box-->\n<\/div>\n<\/div>\r\n\t\t\t\t\t<\/div>\r\n\t\t\t\t\t\r\n\t\t\t\t<\/div>\r\n\t\t\t[\/vc_column][\/vc_row][vc_row rt_row_background_width=&#8221;fullwidth&#8221; rt_row_content_width=&#8221;default&#8221; rt_row_style=&#8221;default-style&#8221; rt_column_placement=&#8221;middle&#8221; rt_row_borders=&#8221;&#8221; rt_col_anim=&#8221;true&#8221; rt_row_paddings=&#8221;true&#8221; rt_bg_effect=&#8221;classic&#8221; rt_bg_image_repeat=&#8221;repeat&#8221; rt_bg_size=&#8221;cover&#8221; rt_bg_position=&#8221;right top&#8221; rt_bg_attachment=&#8221;scroll&#8221; rt_bg_video_format=&#8221;self-hosted&#8221; rt_padding_top=&#8221;100&#8243; rt_padding_bottom=&#8221;80&#8243;][vc_column rt_wrp_col_paddings=&#8221;false&#8221; rt_border_top=&#8221;&#8221; rt_border_bottom=&#8221;&#8221; rt_border_left=&#8221;&#8221; rt_border_right=&#8221;&#8221; rt_border_top_mobile=&#8221;&#8221; rt_border_bottom_mobile=&#8221;&#8221; rt_border_left_mobile=&#8221;&#8221; rt_border_right_mobile=&#8221;&#8221; rt_bg_image_repeat=&#8221;repeat&#8221; rt_bg_size=&#8221;auto auto&#8221; rt_bg_position=&#8221;right top&#8221; rt_bg_attachment=&#8221;scroll&#8221;]<div class=\"rt_heading_wrapper style-7\">\n\t\t\t\t\t\t<h3 class=\"rt_heading  aligncenter body-font style-7\"  style=\"font-size:40px;line-height:135%;\" data-maxfont-size=\"40\" data-minfont-size=\"30\">Projetos [rt_highlight style=\"style-1\"] CEMEnf-UFES [\/rt_highlight]<\/h3>\n\t\t\t\t\t<\/div>[vc_separator style=&#8221;style-6&#8243; margin_top=&#8221;0&#8243; margin_bottom=&#8221;40&#8243;][vc_column_text]<\/p>\n<h5 style=\"text-align: center;\">Inserir texto Inserir texto Inserir texto<\/h5>\n<p>[\/vc_column_text][vc_empty_space height=&#8221;35px&#8221;][vc_row_inner rt_row_style=&#8221;global-style&#8221; rt_row_borders=&#8221;top&#8221; rt_row_paddings=&#8221;true&#8221; rt_bg_effect=&#8221;classic&#8221; rt_bg_image_repeat=&#8221;repeat&#8221; rt_bg_size=&#8221;cover&#8221; rt_bg_position=&#8221;right top&#8221; rt_bg_attachment=&#8221;scroll&#8221; rt_bg_video_format=&#8221;self-hosted&#8221; rt_padding_top=&#8221;50&#8243;][vc_column_inner width=&#8221;1\/3&#8243; rt_wrp_col_paddings=&#8221;false&#8221; rt_border_top=&#8221;&#8221; rt_border_bottom=&#8221;&#8221; rt_border_left=&#8221;&#8221; rt_border_right=&#8221;&#8221; rt_border_top_mobile=&#8221;&#8221; rt_border_bottom_mobile=&#8221;&#8221; rt_border_left_mobile=&#8221;&#8221; rt_border_right_mobile=&#8221;&#8221; rt_bg_image_repeat=&#8221;repeat&#8221; rt_bg_size=&#8221;auto auto&#8221; rt_bg_position=&#8221;right top&#8221; rt_bg_attachment=&#8221;scroll&#8221; rt_padding_left=&#8221;2%&#8221; rt_padding_right=&#8221;2%&#8221; rt_padding_bottom=&#8221;50&#8243;]<img src=\"https:\/\/cemenf.ufes.br\/wp-content\/uploads\/2020\/11\/3-80x80.png\" width=\"80\" height=\"80\" alt=\"\" class=\"aligncenter\" srcset=\"https:\/\/cemenf.ufes.br\/wp-content\/uploads\/2020\/11\/3.png 1.3x\" \/><div class=\"rt_heading_wrapper style-7\">\n\t\t\t\t\t\t<h4 class=\"rt_heading  aligncenter style-7\"  style=\"margin-top:25px;margin-bottom:0px;\">Arte<\/h4>\n\t\t\t\t\t<\/div>[vc_separator style=&#8221;style-6&#8243; border_width=&#8221;2&#8243; margin_top=&#8221;0&#8243; margin_bottom=&#8221;30&#8243; color=&#8221;#16b9a7&#8243; width=&#8221;10%&#8221;][vc_column_text]<\/p>\n<p style=\"text-align: center;\">Inserir texto<\/p>\n<p>[\/vc_column_text][\/vc_column_inner][vc_column_inner width=&#8221;1\/3&#8243; rt_wrp_col_paddings=&#8221;false&#8221; rt_border_top=&#8221;&#8221; rt_border_bottom=&#8221;&#8221; rt_border_left=&#8221;&#8221; rt_border_right=&#8221;&#8221; rt_border_top_mobile=&#8221;&#8221; rt_border_bottom_mobile=&#8221;&#8221; rt_border_left_mobile=&#8221;&#8221; rt_border_right_mobile=&#8221;&#8221; rt_bg_image_repeat=&#8221;repeat&#8221; rt_bg_size=&#8221;auto auto&#8221; rt_bg_position=&#8221;right top&#8221; rt_bg_attachment=&#8221;scroll&#8221; rt_padding_left=&#8221;2%&#8221; rt_padding_right=&#8221;2%&#8221; rt_padding_bottom=&#8221;50&#8243;]<img src=\"https:\/\/cemenf.ufes.br\/wp-content\/uploads\/2020\/11\/22-80x80.png\" width=\"80\" height=\"80\" alt=\"\" class=\"aligncenter\" srcset=\"https:\/\/cemenf.ufes.br\/wp-content\/uploads\/2020\/11\/22.png 1.3x\" \/><div class=\"rt_heading_wrapper style-7\">\n\t\t\t\t\t\t<h4 class=\"rt_heading  aligncenter style-7\"  style=\"margin-top:25px;margin-bottom:0px;\">Sa\u00fade<\/h4>\n\t\t\t\t\t<\/div>[vc_separator style=&#8221;style-6&#8243; border_width=&#8221;2&#8243; margin_top=&#8221;0&#8243; margin_bottom=&#8221;30&#8243; color=&#8221;#16b9a7&#8243; width=&#8221;10%&#8221;][vc_column_text]<\/p>\n<p style=\"text-align: center;\">Inserir texto<\/p>\n<p>[\/vc_column_text][\/vc_column_inner][vc_column_inner width=&#8221;1\/3&#8243; rt_wrp_col_paddings=&#8221;false&#8221; rt_border_top=&#8221;&#8221; rt_border_bottom=&#8221;&#8221; rt_border_left=&#8221;&#8221; rt_border_right=&#8221;&#8221; rt_border_top_mobile=&#8221;&#8221; rt_border_bottom_mobile=&#8221;&#8221; rt_border_left_mobile=&#8221;&#8221; rt_border_right_mobile=&#8221;&#8221; rt_bg_image_repeat=&#8221;repeat&#8221; rt_bg_size=&#8221;auto auto&#8221; rt_bg_position=&#8221;right top&#8221; rt_bg_attachment=&#8221;scroll&#8221; rt_padding_left=&#8221;2%&#8221; rt_padding_right=&#8221;2%&#8221; rt_padding_bottom=&#8221;50&#8243;]<img src=\"https:\/\/cemenf.ufes.br\/wp-content\/uploads\/2020\/11\/1-80x80.png\" width=\"80\" height=\"80\" alt=\"\" class=\"aligncenter\" srcset=\"https:\/\/cemenf.ufes.br\/wp-content\/uploads\/2020\/11\/1.png 1.3x\" \/><div class=\"rt_heading_wrapper style-7\">\n\t\t\t\t\t\t<h4 class=\"rt_heading  aligncenter style-7\"  style=\"margin-top:25px;margin-bottom:0px;\">Hist\u00f3ria<\/h4>\n\t\t\t\t\t<\/div>[vc_separator style=&#8221;style-6&#8243; border_width=&#8221;2&#8243; margin_top=&#8221;0&#8243; margin_bottom=&#8221;30&#8243; color=&#8221;#16b9a7&#8243; width=&#8221;10%&#8221;][vc_column_text]<\/p>\n<p style=\"text-align: center;\">Inserir texto<\/p>\n<p>[\/vc_column_text][\/vc_column_inner][\/vc_row_inner][\/vc_column][\/vc_row][vc_row rt_row_background_width=&#8221;fullwidth&#8221; rt_row_content_width=&#8221;fullwidth&#8221; rt_row_style=&#8221;alt-style-1&#8243; rt_row_borders=&#8221;&#8221; rt_col_anim=&#8221;true&#8221; rt_row_paddings=&#8221;true&#8221; rt_bg_effect=&#8221;classic&#8221; rt_bg_image_repeat=&#8221;repeat&#8221; rt_bg_size=&#8221;cover&#8221; rt_bg_position=&#8221;right top&#8221; rt_bg_attachment=&#8221;scroll&#8221; rt_bg_video_format=&#8221;self-hosted&#8221; rt_padding_top=&#8221;50&#8243; rt_padding_bottom=&#8221;50&#8243;][vc_column rt_wrp_col_paddings=&#8221;false&#8221; rt_border_top=&#8221;&#8221; rt_border_bottom=&#8221;&#8221; rt_border_left=&#8221;&#8221; rt_border_right=&#8221;&#8221; rt_border_top_mobile=&#8221;&#8221; rt_border_bottom_mobile=&#8221;&#8221; rt_border_left_mobile=&#8221;&#8221; rt_border_right_mobile=&#8221;&#8221; rt_bg_image_repeat=&#8221;repeat&#8221; rt_bg_size=&#8221;auto auto&#8221; rt_bg_position=&#8221;right top&#8221; rt_bg_attachment=&#8221;scroll&#8221;]\r\n\t\t\t\t<div id=\"slider-image-carousel-398942\" class=\"rt-carousel rt-image-carousel carousel-holder clearfix rt-image-carousel \" data-item-width=\"5\" data-nav=\"true\" data-dots=\"false\" data-margin=\"60\" data-autoplay=\"false\" data-timeout=\"5000\" data-loop=\"true\" data-tablet-item-width=\"3\" data-mobile-item-width=\"1\">\r\n\t\t\t\t\t<div class=\"owl-carousel\">\r\n\t\t\t\t\t\t<div><img src=\"https:\/\/cemenf.ufes.br\/wp-content\/uploads\/2020\/11\/c-110x100.png\" alt=\"\" itemprop=\"image\"><\/div><div><img src=\"https:\/\/cemenf.ufes.br\/wp-content\/uploads\/2020\/11\/cc-250x75.png\" alt=\"\" itemprop=\"image\"><\/div><div><img src=\"https:\/\/cemenf.ufes.br\/wp-content\/uploads\/2020\/11\/cccccc-250x39.png\" alt=\"\" itemprop=\"image\"><\/div><div><img src=\"https:\/\/cemenf.ufes.br\/wp-content\/uploads\/2020\/11\/ccc-250x91.png\" alt=\"\" itemprop=\"image\"><\/div><div><img src=\"https:\/\/cemenf.ufes.br\/wp-content\/uploads\/2020\/11\/ccccc-87x100.png\" alt=\"\" itemprop=\"image\"><\/div>\r\n\t\t\t\t\t<\/div>\r\n\t\t\t\t\t\r\n\t\t\t\t<\/div>\r\n\t\t\t[\/vc_column][\/vc_row]<\/p>\n","protected":false},"excerpt":{"rendered":"<p>[vc_row rt_row_background_width=&#8221;fullwidth&#8221; rt_row_content_width=&#8221;fullwidth&#8221; rt_row_style=&#8221;default-style&#8221; rt_row_borders=&#8221;&#8221; rt_row_paddings=&#8221;false&#8221; rt_bg_effect=&#8221;classic&#8221; rt_bg_image_repeat=&#8221;repeat&#8221; rt_bg_size=&#8221;cover&#8221; rt_bg_position=&#8221;right top&#8221; rt_bg_attachment=&#8221;scroll&#8221; rt_bg_video_format=&#8221;self-hosted&#8221;][vc_column rt_wrp_col_paddings=&#8221;false&#8221; rt_border_top=&#8221;&#8221; rt_border_bottom=&#8221;&#8221; rt_border_left=&#8221;&#8221; rt_border_right=&#8221;&#8221; rt_border_top_mobile=&#8221;&#8221; rt_border_bottom_mobile=&#8221;&#8221; rt_border_left_mobile=&#8221;&#8221; rt_border_right_mobile=&#8221;&#8221; rt_bg_image_repeat=&#8221;repeat&#8221; rt_bg_size=&#8221;auto auto&#8221; rt_bg_position=&#8221;right top&#8221; rt_bg_attachment=&#8221;scroll&#8221;][rev_slider_vc alias=&#8221;rt19-v2&#8243;][\/vc_column][\/vc_row][vc_row rt_row_background_width=&#8221;fullwidth&#8221; rt_row_content_width=&#8221;default&#8221; rt_row_style=&#8221;default-style&#8221; rt_row_borders=&#8221;&#8221; rt_grid=&#8221;true&#8221; rt_col_anim=&#8221;true&#8221; rt_row_paddings=&#8221;true&#8221; rt_bg_effect=&#8221;classic&#8221; rt_bg_image_repeat=&#8221;repeat&#8221; rt_bg_size=&#8221;auto auto&#8221; rt_bg_position=&#8221;right top&#8221; rt_bg_attachment=&#8221;scroll&#8221; rt_bg_video_format=&#8221;self-hosted&#8221; rt_row_width=&#8221;default&#8221; rt_padding_top=&#8221;80&#8243; rt_padding_bottom=&#8221;80&#8243;][vc_column width=&#8221;1\/2&#8243; rt_wrp_col_paddings=&#8221;false&#8221; rt_border_top=&#8221;&#8221; rt_border_bottom=&#8221;&#8221; rt_border_left=&#8221;&#8221; rt_border_right=&#8221;&#8221; rt_border_top_mobile=&#8221;&#8221; rt_border_bottom_mobile=&#8221;&#8221; [&hellip;]<\/p>\n","protected":false},"author":1,"featured_media":0,"parent":0,"menu_order":0,"comment_status":"open","ping_status":"open","template":"","meta":[],"_links":{"self":[{"href":"https:\/\/cemenf.ufes.br\/index.php\/wp-json\/wp\/v2\/pages\/2610"}],"collection":[{"href":"https:\/\/cemenf.ufes.br\/index.php\/wp-json\/wp\/v2\/pages"}],"about":[{"href":"https:\/\/cemenf.ufes.br\/index.php\/wp-json\/wp\/v2\/types\/page"}],"author":[{"embeddable":true,"href":"https:\/\/cemenf.ufes.br\/index.php\/wp-json\/wp\/v2\/users\/1"}],"replies":[{"embeddable":true,"href":"https:\/\/cemenf.ufes.br\/index.php\/wp-json\/wp\/v2\/comments?post=2610"}],"version-history":[{"count":12,"href":"https:\/\/cemenf.ufes.br\/index.php\/wp-json\/wp\/v2\/pages\/2610\/revisions"}],"predecessor-version":[{"id":3088,"href":"https:\/\/cemenf.ufes.br\/index.php\/wp-json\/wp\/v2\/pages\/2610\/revisions\/3088"}],"wp:attachment":[{"href":"https:\/\/cemenf.ufes.br\/index.php\/wp-json\/wp\/v2\/media?parent=2610"}],"curies":[{"name":"wp","href":"https:\/\/api.w.org\/{rel}","templated":true}]}}